rime factors of l?
2, 3
Suppose 23*c + 54*c - 3339050 = 27*c. List the prime factors of c.
11, 13, 467
Let d(a) = -5*a**3 + 12*a**2 - 39*a + 75. What are the prime factors of d(-17)?
28771
Suppose 131*b - 2962368 = 20*b. List the prime factors of b.
2, 3, 139
Let v = -17 + 22. Suppose -v*w + 8 = -2. Suppose w*y = 247 - 9. What are the prime factors of y?
7, 17
List the prime factors of (-35)/10 - 3272994/(-108).
2, 109, 139
What are the prime factors of (256/384)/(1/13584)?
2, 283
Suppose 0 = g - m - 5226, -693*m + 26130 = 5*g - 692*m. What are the prime factors of g?
2, 3, 13, 67
Suppose 16*o - 308014 = -67278. What are the prime factors of o?
2, 7523
Let d be (-984)/(-15) + 2 - (-15)/(-25). Let o = 237 - d. Suppose 0 = -3*m + 5*h + 431 - o, 0 = 2*m + 4*h - 152. What are the prime factors of m?
2, 41
Let v(u) = -u**3 + 7*u**2 - 3*u + 4. Let w(s) = -4*s + 16. Let g be w(-7). Let l = g - 41. List the prime factors of v(l).
31
Suppose -3*i - 93 - 72 = 0. Let z be 8/44 + (-1310)/i. Let r = z - -30. What are the prime factors of r?
2, 3
Let o(s) = 8*s + 28. Let c be o(-3). Suppose 22 = c*h - 210. Suppose -5*i = 4*u - 1038, u = i - 262 + h. List the prime factors of i.
2, 103
Let l(q) = 10*q**2 - 13*q + 12. Let m be ((-5)/2)/(40/(-96)). What are the prime factors of l(m)?
2, 3, 7
Let u(h) be the second derivative of -5*h**4/6 + 4*h**3/3 - 4*h**2 + 11*h. Let o be u(1). Let q(g) = -16*g - 34. List the prime factors of q(o).
2, 3, 7
Suppose 5*d - 2722 = -2682, -2*z + 44558 = -2*d. List the prime factors of z.
3, 17, 19, 23
Let z = -22 - -18. Let k(t) = 10*t**2 - 3. Let u be k(z). Let s = -73 + u. List the prime factors of s.
2, 3, 7
List the prime factors of 3/(114018/(-12669) - -9).
3, 41, 103
Let m(n) = -240*n - 3094. What are the prime factors of m(-152)?
2, 16693
Let b(r) = -r**3 + 347. Suppose 3*y + 3 = 3. List the prime factors of b(y).
347
Suppose -8*s - 11 = -43. Suppose 3*x - n + 17 = 6, n + 17 = -s*x. List the prime factors of x*13/(-6)*12.
2, 13
Suppose -1590*w - 337300 = -1610*w. List the prime factors of w.
5, 3373
Suppose 72*v + 11177 = 30185. What are the prime factors of v?
2, 3, 11
Suppose -5*m = -3*w + 3439, -3*w + m - 6*m + 3419 = 0. Suppose -15*a + w = -6*a. List the prime factors of a.
127
Let k = 259 - 49. Let q = -25 + 31. Suppose -v = -g - q*v + k, 1160 = 5*g + 3*v. What are the prime factors of g?
5, 47
Let p(t) = 5447*t - 9573. What are the prime factors of p(10)?
17, 19, 139
Let z = -8183 - -28964. List the prime factors of z.
3, 2309
Suppose 7092 = 5*z + 3*n, 79*n - 75*n - 1398 = -z. What are the prime factors of z?
2, 3, 79
Let x be 1 + (6 - 13) + -48. Let v = x + 62. List the prime factors of v.
2
Let m(o) = -o**2 + 3*o + 1. Let u be m(2). Suppose -q - 23 = u*q + 3*s, 5*s = q + 23. What are the prime factors of 97 - (1*q)/(-4)?
5, 19
List the prime factors of -7 + -2*111*(-549)/18.
2, 19, 89
Let w(i) = 2*i**2 - 18*i + 49. Let k be w(3). Let z(g) = -g**2 + 81*g + 32. What are the prime factors of z(k)?
2, 229
Let l(p) = -2*p + 2 + 3 + 4 - 4. Let u be l(-2). Suppose -5*a - 310 = -2*f - 3*f, 0 = -3*a + u. List the prime factors of f.
5, 13
Suppose -6250 = -2*g + 2110. What are the prime factors of g?
2, 5, 11, 19
Let j(a) = 137*a - 68*a - 64*a. Let b be j(1). Suppose -b*i + 141 = 46. List the prime factors of i.
19
Suppose -1980391 = -66*z - 27*z + 300899. What are the prime factors of z?
2, 5, 11, 223
Suppose h - 1396 = -5*m, -1112 = -4*m + 2*h + 2*h. What are the prime factors of ((-204)/18 - -2)/((-6)/m)?
2, 7, 31
Let t(q) = 2*q**2 - 20*q - 22. Let n be t(15). Let d = 65 - n. Let c = d - -107. List the prime factors of c.
2, 11
Let a be (-28730)/(-35) - 6/(-42). What are the prime factors of (a - 5) + -4 + 4/(-4)?
811
Let y(c) = -2277*c + 183. What are the prime factors of y(-3)?
2, 3, 7, 167
Let a be 4/18 + 6/((-54)/(-25)). Suppose 7*y - a*y = 40. Let o(c) = c**2 - 4*c - 34. What are the prime factors of o(y)?
2, 13
Suppose -15*o + 24319 + 117401 = 0. What are the prime factors of o?
2, 1181
Let o be (-1)/((-95)/387 + 12/54). Suppose -o = w - 140. What are the prime factors of w?
97
Suppose 0 = 24*o - 27*o + 12. Suppose p = -4*z + 190, o*p = 2*p + 5*z + 406. Suppose 7*y = 299 + p. List the prime factors of y.
71
Let y(o) = 4*o**2 + o - 36. Suppose 259*l + 33 = 262*l. What are the prime factors of y(l)?
3, 17
List the prime factors of 29070/(-204)*1128/(-20).
3, 19, 47
Let w(h) be the third derivative of 9*h**5/20 - 5*h**4/24 + h**3 - 78*h**2. List the prime factors of w(6).
2, 3, 79
Suppose -150*f + 55*f + 558315 = 0. What are the prime factors of f?
3, 653
List the prime factors of (((-3100)/(-75))/31)/(1/(-3447)*-1).
2, 3, 383
Suppose 0*h + 8 = h. Suppose -3*v = -4*v + 5*p + 4, -2*v + 2*p + h = 0. List the prime factors of 32 + (-4 - 4)/v.
2, 3, 5
Let g(n) = 2*n**2 + 2*n + 26. Let k(v) = v**3 + 6*v**2 - 2*v + 4 - 12*v**2 + 0*v**2. Let j be k(6). What are the prime factors of g(j)?
2, 3, 23
Let y(w) = -6*w**3 - 42*w**2 + 43*w - 89. What are the prime factors of y(-16)?
3, 4349
Let f be ((-14)/(-4))/((-26)/(-104)). Suppose f*l - 2030 = 9*l. What are the prime factors of l?
2, 7, 29
Let p(k) = -3*k + 8. Let y = -64 - -30. Let c = y - -36. List the prime factors of p(c).
2
Let z(t) = 2268*t - 424. What are the prime factors of z(7)?
2, 3863
Let c be (-34)/6*(-9)/3. Suppose -c*p = -12*p - 5*m - 145, -5*m = -2*p + 52. Suppose -28*b - 162 = -p*b. List the prime factors of b.
2, 3
Suppose -62 - 184 = -2*d. Let h = 246 - d. List the prime factors of h.
3, 41
Let k be (-2)/(-4) + (-12834)/(-12). Suppose 2*p - 7*p - k = -3*o, 0 = 3*o - 3*p - 1074. What are the prime factors of o?
2, 3, 5
Suppose -12*b = -14*b + 10. Suppose -x - b*x - 60 = 0. What are the prime factors of 243/3*x/(-30)?
3
Let d = -1679 + 2979. Suppose 0 = -0*x + 13*x - d. What are the prime factors of x?
2, 5
Let m be (-1)/(-1)*(-18 + -4). Let g(s) = -12*s + 52. What are the prime factors of g(m)?
2, 79
Suppose -k - i + 8 = -4, -6 = -k - 3*i. Suppose k*o = 23*o - 4800. What are the prime factors of o?
2, 3, 5
Suppose -1248 = 45*i - 51*i. Suppose -29*n + i = -5563. What are the prime factors of n?
199
Let x = -6 + 9. Suppose 0 = 3*p - 4*c + 6*c - 1734, 0 = 5*p + x*c - 2891. List the prime factors of p.
2, 5, 29
Let r be 2 + (-4 - (5 - 122)). Suppose 110*a = r*a. List the prime factors of (3 - a - -145) + 1.
149
Suppose -2*b = 12*i - 127487 + 30633, -5*i + 40371 = 3*b. List the prime factors of i.
2, 3, 5, 269
List the prime factors of 5245102/70 + (-60)/(-105) + 2/5.
3, 24977
Suppose -28*u = -25*u - 2100. Let m = -393 + u. What are the prime factors of m?
307
Suppose 34*q - 2069770 = 582298. What are the prime factors of q?
2, 43, 907
Suppose 0 = -94*h + 96*h + 4*j - 21486, -42972 = -4*h + j. List the prime factors of h.
3, 3581
Let j(n) be the second derivative of n**5/20 - n**4/2 - 4*n**3/3 + 4*n**2 - n. Let o = 3704 + -3696. What are the prime factors of j(o)?
2, 3
Suppose j + 1210 = 5*h, 3*j + 312 = 2*h - 172. Let a = 455 - h. Let i = -77 + a. List the prime factors of i.
2, 17
Let y = -4970 - -10197. List the prime factors of y.
5227
Let s = -48 - -3104. Suppose -20*u + 4*u = -s. List the prime factors of u.
191
Let n(w) = -551*w - 8. Let t be 14/(-8) + 2/(-8). List the prime factors of n(t).
2, 547
Suppose -2*o + 218 = -2*z, 2*z = -2*o - 70 + 272. Suppose 0 = -5*m - 5*i + o, 36 = 3*m - i - 39. Let h = 88 + m. List the prime factors of h.
2, 7
Let t(d) = -d**2 - 8*d - 9. Suppose -l - 3*l - 36 = 4*x, 4*x + 6 = 2*l. Let a be t(x). What are the prime factors of (a/(42/(-9)))/((-1)/54)?
3
Suppose 0 = 12*m - 15*m + 1728. Suppose -54 = 6*i - m. List the prime factors of i.
3, 29
Let d be (0 - 4)/(2/(-4)). Suppose 2*s + d = 16. Suppose u = -u + s*q + 40, 4*q - 10 = -3*u. List the prime factors of u.
2, 5
Let g(s) = -56*s**3 - 3*s**2 + 15*s + 38. Let c be g(-3). Suppose 5*j - c = 967. List the prime factors of j.
3, 163
Let w = 5443 + 5084. List the prime factors of w.
3, 11, 29
Let j(b) = -b**3 + 2*b**2 - 84*b + 257. Let c be j(3). Let o(y) = y**3 - 5*y + 4 + 5*y + 6*y**2. What are the prime factors of o(c)?
2, 3
Let t(x) = 3503*x - 623. What are the prime factors of t(17)?
2, 29, 127
Let k be -518*((-6)/2 - -2). Suppose -7*z + i = -2*z - 163, 2*z - 3*i = 73. Su